he highest common divisor of 2156 and 30987?
11
Calculate the highest common factor of 42519 and 3.
3
Calculate the highest common divisor of 20 and 18.
2
What is the greatest common factor of 29554 and 42?
14
What is the greatest common factor of 5348 and 49?
7
What is the greatest common factor of 9639 and 819?
63
What is the highest common divisor of 45526 and 170?
34
Calculate the highest common divisor of 66 and 809226.
66
Calculate the greatest common divisor of 1099 and 32499.
157
What is the highest common factor of 32785 and 15355?
415
What is the greatest common divisor of 22688 and 32?
32
Calculate the greatest common divisor of 12712 and 104.
8
What is the highest common divisor of 999 and 2968695?
333
What is the highest common factor of 30392 and 12528?
232
Calculate the highest common factor of 837 and 5177.
31
What is the greatest common divisor of 21 and 2044?
7
Calculate the highest common factor of 5909 and 25099.
19
What is the highest common divisor of 16 and 49224?
8
Calculate the greatest common factor of 48024 and 8758.
58
Calculate the highest common factor of 1746 and 69064.
194
Calculate the highest common divisor of 450 and 33850.
50
What is the greatest common factor of 35 and 321545?
35
What is the highest common divisor of 4210 and 473204?
842
What is the highest common factor of 6139840 and 10?
10
What is the highest common factor of 907061 and 17410?
1741
Calculate the greatest common divisor of 2601074 and 5264.
658
Calculate the greatest common factor of 665 and 46445.
35
What is the highest common factor of 418047 and 1479?
51
Calculate the highest common divisor of 51 and 324343.
17
What is the greatest common divisor of 12283713 and 1742?
871
Calculate the greatest common divisor of 100644 and 24.
12
What is the highest common factor of 62 and 949282?
62
Calculate the highest common divisor of 67608 and 6.
6
What is the greatest common divisor of 1597540 and 448?
28
Calculate the greatest common factor of 18492 and 153564.
804
What is the highest common divisor of 1317 and 8821705?
439
What is the highest common divisor of 5362 and 30506?
14
What is the greatest common factor of 2662 and 1342?
22
What is the highest common factor of 30 and 7242?
6
What is the highest common divisor of 14641 and 352?
11
Calculate the greatest common divisor of 90 and 6418.
2
Calculate the greatest common factor of 4056 and 71318.
338
Calculate the greatest common divisor of 3484 and 97994.
26
Calculate the greatest common factor of 2650 and 420025.
1325
Calculate the greatest common divisor of 1236 and 159032.
412
What is the highest common divisor of 150 and 2157?
3
Calculate the highest common factor of 37727 and 62.
31
Calculate the highest common factor of 825 and 19415.
55
What is the greatest common divisor of 20320 and 159512?
1016
Calculate the highest common divisor of 66 and 66678.
6
Calculate the greatest common factor of 1048 and 100.
4
What is the greatest common factor of 13800 and 4650?
150
What is the highest common divisor of 20 and 7810?
10
What is the greatest common divisor of 159 and 5967?
3
Calculate the highest common factor of 53977 and 385.
77
Calculate the greatest common divisor of 60 and 14340.
60
What is the greatest common divisor of 42 and 808?
2
Calculate the greatest common divisor of 36308 and 788.
4
What is the greatest common factor of 155 and 49817?
31
What is the highest common factor of 25 and 331350?
25
Calculate the greatest common factor of 118 and 865294.
118
What is the highest common divisor of 32435 and 136726?
499
Calculate the highest common factor of 130622 and 5302.
482
Calculate the highest common divisor of 50305 and 175.
5
What is the highest common divisor of 6345 and 16450?
235
What is the greatest common divisor of 486 and 3132?
54
Calculate the greatest common factor of 13282 and 1566.
58
What is the highest common divisor of 508 and 557657?
127
What is the highest common divisor of 298 and 41869?
149
Calculate the greatest common divisor of 9783 and 603.
9
Calculate the greatest common divisor of 56 and 68936.
56
What is the greatest common divisor of 5008104 and 72?
72
Calculate the greatest common divisor of 273 and 29562.
39
Calculate the highest common divisor of 117992 and 43.
43
Calculate the highest common divisor of 58 and 4729436.
58
Calculate the highest common divisor of 3568 and 600.
8
What is the highest common divisor of 12141 and 36352?
71
What is the greatest common factor of 91112 and 84?
28
What is the greatest common factor of 43560 and 5220?
180
Calculate the greatest common divisor of 16300 and 75.
25
What is the greatest common divisor of 162568 and 28?
28
What is the greatest common factor of 114048 and 57420?
396
What is the highest common divisor of 111 and 1149?
3
What is the greatest common divisor of 852 and 238844?
284
What is the highest common divisor of 27688 and 1632?
8
Calculate the greatest common divisor of 354 and 117056.
118
Calculate the greatest common divisor of 825 and 75669.
33
Calculate the highest common factor of 46 and 165853.
23
What is the greatest common factor of 8 and 13727864?
8
What is the highest common factor of 4554 and 1008?
18
What is the greatest common divisor of 654 and 8802?
6
What is the greatest common factor of 1026 and 2014?
38
What is the greatest common divisor of 4797 and 57933?
369
What is the highest common factor of 18975 and 38625?
75
Calculate the highest common divisor of 182 and 495614.
14
What is the highest common factor of 3132 and 432?
108
Calculate the greatest common factor of 156476 and 4.
4
What is the highest common factor of 98 and 203497?
49
What is the highest common divisor of 31250 and 50?
50
What is the greatest common divisor of 140119 and 1036?
259
Calculate the greatest common factor of 81024 and 22656.
384
What is the greatest common factor of 29160 and 280?
40
Calculate the highest common factor of 39639 and 81906.
219
Calculate the greatest common divisor of 20618 and 2028.
338
What is the highest common factor of 2370 and 640690?
790
Calculate the highest common divisor of 13440 and 252.
84
What is the highest common factor of 564 and 39588?
12
What is the highest common divisor of 684579 and 1470?
147
What is the highest common factor of 372 and 12624?
12
Calculate the greatest common divisor of 12 and 335244.
12
What is the highest common divisor of 8318272 and 46?
46
Calculate the greatest common factor of 84148 and 1351.
193
Calculate the greatest common factor of 44 and 7776384.
44
Calculate the highest common factor of 2976 and 2661536.
992
What is the highest common factor of 293806 and 82?
82
Calculate the highest common factor of 209683 and 4203.
467
What is the greatest common divisor of 61860 and 180?
60
Calculate the highest common divisor of 373714 and 88.
22
Calculate the greatest common factor of 1051465 and 1130.
565
Calculate the greatest common factor of 3132 and 49213.
29
What is the greatest common factor of 127 and 471424?
127
What is the greatest common divisor of 256 and 13480?
8
Calculate the highest common factor of 6539 and 86013.
503
What is the greatest common divisor of 13255 and 231?
11
Calculate the highest common factor of 1794 and 1428323.
299
Calculate the highest common divisor of 2079 and 2448171.
297
What is the greatest common divisor of 898 and 13919?
449
Calculate the greatest common factor of 30804 and 284484.
1812
What is the greatest common factor of 67180 and 50?
10
What is the highest common factor of 65 and 1242553?
13
Calculate the highest common factor of 4275 and 17613.
171
Calculate the highest common divisor of 200080 and 82.
82
What is the greatest common factor of 19908 and 27972?
252
Calculate the highest common divisor of 8490 and 1230.
30
What is the greatest common factor of 660 and 39765?
165
What is the greatest common factor of 282315 and 2805?
165
Calculate the highest common factor of 9115050 and 20.
10
Calculate the highest common factor of 1572 and 90228.
12
What is the greatest common factor of 4005 and 12535?
5
What is the greatest common factor of 342184 and 8?
8
Calculate the greatest common divisor of 515 and 23587.
103
Calculate the highest common divisor of 25872 and 441.
147
Calculate the great